Let r = 382 - 377. What is the thousands digit of (r + 1421/14)/((-4)/(-40))?
1
Suppose 5*q = j - 0*j - 293, q + 70 = 4*j. What is the tens digit of 66/(-4)*(5 + q/6)?
7
Let c be (6 - 5)*7 - -5. Suppose 130 + 18 = 2*t. What is the tens digit of -6*(-8)/c + t?
7
Let b be (43/86)/(1/(-32)). What is the units digit of 386 - (2 + b/(-8))?
2
Let i = 15 + 53. What is the units digit of 2/17 + (40316/i - 4)?
9
Let a be 302/(-15) - 2/(-15). Let d = -17 - a. Suppose -4*x + 9 = r, -5*x - 4*r = -d*r - 11. What is the units digit of x?
2
Let r be (-2325)/(-30) + 6/4. Let i = -10 - -44. Let x = i + r. What is the tens digit of x?
1
Let l(s) = -53*s - 263. Let w be l(29). Let b = 3219 + w. What is the hundreds digit of b?
4
Let t(a) = 9*a + 1324. What is the hundreds digit of t(4)?
3
Let p be (-40)/(-90)*(-18)/(-4). Let j(a) = p*a**2 - 3 + 8 - 5*a**2 + 2*a**2 - a**3. What is the tens digit of j(-3)?
2
Let j = -1037 - -2382. Let h be 7/21 + j/(-3) + -2. Let q = -292 - h. What is the tens digit of q?
5
Let a(y) = -2*y**2 + 2*y - 3. Let n be a(3). Let t be 2*n/10 - 96. Let s = -45 - t. What is the tens digit of s?
5
Suppose -5*a + 12358 = x, 3*a + 2*x - 10150 + 2738 = 0. What is the tens digit of a?
7
Let s = 8822 - 1088. What is the thousands digit of s?
7
Let w(s) = -13*s - 33. Let k(c) = 11*c + 29. Let l(h) = -23*h - 59. Let m(q) = -5*k(q) - 3*l(q). Let n(z) = 6*m(z) + 5*w(z). What is the hundreds digit of n(5)?
1
Let v(g) be the first derivative of 8*g**3/3 - g**2 - 13. Let x be v(-1). Let n(k) = 2*k**2 - 6*k + 14. What is the tens digit of n(x)?
5
Let y = 1152 - 1684. Let c = -403 - y. What is the tens digit of c?
2
Suppose 4*j - 8585 = -j. Let x be ((-108)/162)/(((-2)/(-27))/(-2)). Suppose x*q = q + j. What is the hundreds digit of q?
1
Let p(s) = 2531 + 5*s**2 + 12*s - 2286 - 2*s**2. What is the tens digit of p(-10)?
2
Let f(t) be the third derivative of 15*t**2 + 0 + 0*t + 17/12*t**4 - 19/6*t**3. What is the units digit of f(5)?
1
Suppose 3233283 - 436227 = 49*s - 390149. What is the hundreds digit of s?
0
Let c(l) = l**2 + 8*l - 27. Let o be c(-20). Let d(a) = -a**2 - 114. Let t be d(0). Let k = t + o. What is the tens digit of k?
9
Let h(x) = 3*x + 48. Let p(l) = l**3 + 9*l**2 - 6*l + 24. Let f be p(-10). Let v be h(f). Suppose -7*o + 2*o + 70 = v. What is the units digit of o?
4
Let n(i) = 9*i + 91. Let f be n(-10). Let g(l) = 1491*l**2 + 7*l - 2. What is the units digit of g(f)?
6
Let f(a) = 7*a - 17. Let t be f(4). Suppose 4*u = -z + 7, u - t = -4*z + 2*u. Let q(s) = 7*s**3 - 3*s**2 - s + 2. What is the units digit of q(z)?
1
Suppose 4 = 3*v - 4*o, -3*o = -v + 2*o + 5. Suppose -2*q = -5*b - v*q - 24, 4*q = b + 12. What is the tens digit of ((-6)/b)/(250/(-64) + 4)?
1
Suppose -9*u + 1260 = -13*u. What is the units digit of u/(-2)*40/60?
5
Let d(v) = -8 + 5 - 3 + 41*v. Let f(j) = 81*j - 11. Let w(h) = -5*d(h) + 3*f(h). What is the tens digit of w(1)?
3
Suppose k + 4489 = 2*m, -m + 4*k + 1784 + 457 = 0. What is the thousands digit of m?
2
Suppose 8 + 14 = -5*p - 2*i, 0 = -3*p + 2*i - 10. What is the tens digit of (-7)/7*(-227 - p)?
2
Let x(a) be the second derivative of -4*a + 0 + 19/2*a**2 - 37/3*a**3. What is the tens digit of x(-3)?
4
Let t = -28 + 28. Suppose 0 = -4*p - t + 132. Suppose 0 = 5*i - z - 884, -2*i - z - p = -388. What is the units digit of i?
7
Let d(f) = -26*f**3 - 4*f**2 - 4*f + 6. Let z = 6 - 9. What is the tens digit of d(z)?
8
Suppose 2*j - 569 = 137. What is the units digit of j?
3
Suppose -x - 17 + 500 = 0. Let s = x + -35. What is the hundreds digit of s?
4
Let f = -339 - -45. Let n = 341 + f. What is the tens digit of n?
4
Let y(l) = 53*l - 229. Let p be y(12). Let t = -7 - 279. Let w = p + t. What is the units digit of w?
1
Suppose 2*w + 3*x + 47 = 0, 8*w = 3*w + 4*x - 175. Let s(y) = 9*y**2 + 10*y - 114. Let p be s(-5). Let q = p - w. What is the tens digit of q?
9
What is the tens digit of (-6 + 0 + (-198)/(-12))*210?
0
What is the thousands digit of (0 - (-67719)/9) + 14/21 + 2?
7
What is the tens digit of 8 - (-2085)/30*116?
7
Suppose -3*x + 0*x = -3585. Suppose -3*d + 544 = -4*g - x, -5*g - 565 = -d. What is the hundreds digit of d?
5
Let h = -4865 - -18275. What is the hundreds digit of h?
4
Let f be -101 - (1 + 0 + 1). Suppose 0*w = -2*z + 3*w + 380, 0 = -2*z - 3*w + 368. Let v = f + z. What is the units digit of v?
4
Let s = -32 - -46. Suppose -29*o - 20 = -25*o, -5*d - o - 255 = 0. What is the hundreds digit of d/(-5)*s + -5?
1
Let k be ((-7376)/1)/(2 - 4). Suppose k = 18*f - 14*f. What is the tens digit of f?
2
Let p be 1/(-3) - (-13)/3. Let h(k) = -18*k + 165. Let n be h(9). Suppose -21 - 2 = -g + 2*t, -p*g = -n*t - 92. What is the tens digit of g?
2
Let v = -11 + -113. Let q be ((-1)/(-2))/((-2)/v). Let r = 116 - q. What is the units digit of r?
5
Let o(l) = 94*l**2 - 423*l + 72. What is the thousands digit of o(18)?
2
Let t be 82/26 - 16/104. What is the units digit of (7/t + -2)*189?
3
Let m = -43 - -79. Suppose -16*b + 7*b = -m. Suppose 8*n - b*n = 648. What is the units digit of n?
2
Let y = -5395 - -22360. What is the hundreds digit of y?
9
Let a(j) = 146*j**2 + 39*j + 340. What is the ten thousands digit of a(-12)?
2
Let w be 12/(-44) + 84/66 - 96. Suppose 0*v = 3*v - 138. Let r = v - w. What is the hundreds digit of r?
1
Let g = 11628 + -7452. What is the units digit of g?
6
Suppose -485*a = -490*a + 60. What is the tens digit of -9*2/a - (-12075)/10?
0
Let v(q) = 1479*q - 625. What is the hundreds digit of v(14)?
0
Let q(v) = 782*v - 4293. What is the hundreds digit of q(41)?
7
Let l(i) be the third derivative of i**6/15 + i**5/15 - 7*i**4/24 + 7*i**3/6 - 74*i**2 - 1. What is the tens digit of l(5)?
7
Let m(n) = 450*n**2 - 24*n - 124. What is the thousands digit of m(-5)?
1
What is the units digit of (-32)/(-20) - 191367/(-55)?
1
Let j(q) = -4*q**3 - 43*q**2 - 67*q - 187. What is the hundreds digit of j(-21)?
3
Let m(l) = -12 - 2*l**3 + 20*l - l**3 + 3*l**3 + l**3 + 20*l**2. What is the units digit of m(-17)?
5
Let l be 15/10 + 1/2. Suppose 0*a + l*a - 220 = 4*r, 4*r = a - 220. What is the units digit of 3 + -2 - r - (-2 - -2)?
6
Suppose 0 = 39*v - v - 98192. What is the hundreds digit of v?
5
Suppose -2*k - 6 = -0*k. Let l be (-12)/(k - (-8)/2). What is the tens digit of (3 - 1)*6/l*-141?
4
Let z = -77 + 137. Let s = z - 52. What is the tens digit of (-4)/(80/(-3132)) - s/(-20)?
5
Let t(i) = -84*i + 1. Let s be t(9). Let c = 1183 + s. What is the units digit of (c/6)/(((-24)/(-9))/4)?
7
Let d be 4/14 + (-542)/(-14). Let f be 1330/52*(-4)/(-2) + 76/(-494). Suppose -q = -d - f. What is the tens digit of q?
9
Let s = 40 - -30. Let h = s + -76. What is the units digit of 2 + 312/2 + h + 4?
6
Let r = -145 + 15. Let z = r + 554. What is the tens digit of z?
2
Let s = 84 - 66. What is the units digit of (-3638)/(-6) + (-6)/s?
6
Let p(w) = -w**2 + 2*w + 19. Let x be p(-5). Let r be (x/20)/(6/15) + 2. Suppose 4*i + 4*i - 40 = r. What is the units digit of i?
5
Let a = 78527 + -40593. What is the hundreds digit of a?
9
Let b = 104 + -102. Suppose -80 = -b*l + 590. What is the hundreds digit of l?
3
Suppose -4*l + 57 = -23. Suppose -3*i - l = -8*i. Suppose 0 = -d, y - i*d - 27 = 22. What is the tens digit of y?
4
Suppose 6*f = f + 20. Suppose 0 = 89*j - 97*j + 1128. Suppose -3*l = r - 47, r = 4*r - f*l - j. What is the tens digit of r?
4
Let p(i) = 2*i**2 + 65*i + 289. What is the hundreds digit of p(57)?
4
Let k(n) = -2070*n - 7821. What is the tens digit of k(-15)?
2
Suppose -2*x + 0*t = -t - 1934, 4*t = -4*x + 3892. Let o = x - 454. What is the tens digit of o?
1
Suppose 76*d + 59*d - 22*d = 2545438. What is the tens digit of d?
2
Suppose -3*a - 15087 = 4*n, -3*n + 13229 = -4*a - 6862. Let v = -3257 - a. What is the thousands digit of v?
1
Suppose k - 31 = 12. Suppose -9*g = -k + 7. Suppose -i = -4*q - 72, -4*i + g*q = -279 + 15. What is the units digit of i?
4
Let o(l) be the first derivative of 11*l**2/2 - 82*l + 11. What is the hundreds digit of o(19)?
1
Suppose -4*u - 23 = -0*f + 5*f, 0 = u + 5*f + 17. Let g = -23 - u. What is the tens digit of g/3 - -6 - (-155 + 1)?
5
Let d = -91452 + 139593. What is the hundreds digit of d?
1
What is the ten thousands digit of (-139685)/(-7) + -3 + -11 + 20?
1
Let u(